31*s - a = 0. What is the tens digit of s?
2
Let f(s) = 2*s**2 + 40*s + 203. What is the tens digit of f(-28)?
5
Let j(g) = 119*g - 167. What is the hundreds digit of j(13)?
3
Let z = 18 + -10. Suppose -239 = z*c - 735. What is the units digit of c?
2
Let d(q) = -3*q**2 - 2*q + 49. Let r be d(0). Suppose 47*k = r*k - 266. What is the tens digit of k?
3
Suppose 3*w = 8*w - 210. Let s = w + -25. What is the units digit of s?
7
Let g = 56 + -103. Let p(t) = t**3 - 8*t**2 + 8*t + 6. Let j be p(8). Let s = g + j. What is the units digit of s?
3
Suppose 0 = -2*k - 4, -3*k - 6 = -6*a + 2*a. Let j = 50 - 46. Suppose -3*m + j + 8 = a. What is the units digit of m?
4
Suppose 380 = 2*b + 12. Suppose -5*j + 674 = b. What is the units digit of j?
8
Let c = -10 + 7. What is the units digit of (2 + -2 + c)*-11?
3
Let d = 17 + -7. Let k(h) = 2*h**2 - 12*h + 16. What is the tens digit of k(d)?
9
Let j(f) = f**3 - 13*f**2 + 14*f - 1. Let i be j(12). Let b = i - -2. Let u = b + -17. What is the units digit of u?
8
Let u(o) = -o + 11. Let g be u(7). Suppose -4*k = f + 12, -3 - 23 = 5*k + g*f. What is the units digit of (-6 + k/(-1))*-1?
4
Let f = 475 + -57. What is the hundreds digit of f?
4
Let w(p) = 16*p**2 - 8*p - 15. Let h be w(-4). What is the tens digit of (-11)/(-22) + h/2?
3
Let r(s) = 5*s. Let k be r(1). Suppose k*o = -q + 2*q - 24, -o - 30 = -3*q. Let z = 15 - q. What is the units digit of z?
6
Suppose 0 = -5*i + 18 + 7. Suppose -i*r - 18 = -b, -3*b - 2*r = -2*b + 3. Suppose 5*p + f + b*f - 102 = 0, -3*p + 42 = -4*f. What is the tens digit of p?
1
Let c = 144 - 127. What is the units digit of c?
7
Let i(d) = 3*d**3 + 61*d**2 - 22*d - 14. What is the hundreds digit of i(-20)?
8
Let p = -86 - -144. Suppose 5*l - 273 = 2*w, -l - 5*w + 2 = -p. Suppose -5*s = -260 + l. What is the tens digit of s?
4
Let c = -592 - -1047. What is the tens digit of c?
5
Let a = -1285 + 1800. What is the tens digit of a?
1
Let r(m) = m**2 - 5*m - 4. Let g be r(6). Let b = 48 + -12. Let q = b + g. What is the tens digit of q?
3
Let r be ((-3)/6)/(8/(-80)). Suppose r*s - 3*q - 60 = 2*s, 5*q + 66 = 3*s. What is the units digit of s?
7
Suppose 4*u - 2029 = t, -t = 5*u - 696 - 1847. What is the units digit of u?
8
Suppose 2*y = -5*w + 740, 499 - 36 = 3*w + 5*y. What is the units digit of (w - -4) + 3/(-1)?
7
Let b be (5*-1)/(11/(-22)). Let q = b - 2. What is the units digit of q?
8
Let z = 15 - 12. Suppose 0 = -2*q - 4*l, z*q = 4*q + 4*l. Suppose -4*n - n + 45 = q. What is the units digit of n?
9
Let d(v) = -2*v**2 - 5*v - 3. Let s(y) = y**2 - y + 1. Let b(q) = -d(q) - 3*s(q). Let x be b(6). Let l = 2 + x. What is the units digit of l?
4
Let w(i) = -2*i**2 - 23*i - 15. Let m be w(-10). What is the tens digit of (102/(-9))/((-10)/m)?
1
Let m be 3/2*-3*(-104)/(-6). Let k = m - -153. What is the tens digit of k?
7
Let p(x) = x**3 + 4*x**2 + 4*x - 1. Let l be p(-3). Let g be (15/(-6))/(l/8). Suppose -2*m + 5*z = -44 - 70, 0 = g*m + 2*z - 256. What is the tens digit of m?
5
Suppose -130 = -2*x - 5*l, -3*x = -0*x + l - 182. Let w(z) = z**2 + 5*z - 10. Let g be w(-7). Suppose 4 = g*m - x. What is the tens digit of m?
1
Let m(d) = 89*d - 153. What is the units digit of m(15)?
2
Let i = -18 + 18. Suppose -4*r + 97 = -a, 2*r + i*r + 2*a = 46. What is the units digit of 330/r - (-1)/4?
4
Let u(z) = z**3 + 6*z**2 - z. Suppose -7*t + 3*t + 20 = 0. Let g = t + -11. What is the units digit of u(g)?
6
Let v = -22 - 0. Let g = v + 50. What is the units digit of g?
8
What is the tens digit of (-54)/90 + 1708/5?
4
Let w(q) = 135*q**2 - 46*q + 145. What is the tens digit of w(4)?
2
Let u = 647 - 269. What is the hundreds digit of u?
3
Let w = 7 + 2. Let c(o) = 5*o - 3*o**2 - w*o + 8 + 4*o**2. What is the tens digit of c(7)?
2
Let f(v) = -v + 16. Let m be f(14). Let q(s) = 29*s**2 - 7*s + 2. What is the units digit of q(m)?
4
Let a = -128 - -78. Let l = a + 82. What is the units digit of l?
2
Suppose 7*w + 210 = 77. Let p(s) = -s**3 - 19*s**2 - 9*s + 26. What is the tens digit of p(w)?
9
Let r(n) = 17*n - 13. Suppose 2*t + t - 12 = 5*f, -20 = -5*t - 5*f. Let p be r(t). Let y = 92 - p. What is the tens digit of y?
3
Let b(z) = z**3 - 5*z**2 + 4*z. Let j be b(4). Suppose j = 2*v + o - 77, v + 2*v - 2*o = 98. What is the tens digit of v?
3
What is the units digit of 1783 + -3 + (7 + -6)*2?
2
Let d = 125 + -168. What is the units digit of (-1 - (-482)/(-4))*86/d?
3
Let f(i) = -i**3 + 26*i**2 - 18*i + 18. What is the thousands digit of f(11)?
1
Let f = -506 - -1235. What is the hundreds digit of f?
7
Let j be (11/(-3))/((-3)/45). Suppose 15*u - 4*u = 0. Let k = j + u. What is the units digit of k?
5
Suppose 4*w - w + 3*p = 432, 0 = 4*w + 5*p - 576. What is the units digit of w?
4
Let u = 183 - -818. What is the hundreds digit of u?
0
Let b(a) = -a + 5. Let j be b(0). Let s = j - 2. Suppose 0 = -4*k + s*r + 124, 0*r + 20 = -5*r. What is the tens digit of k?
2
Let u(z) = 4*z**2 - 37*z - 9. Let r be u(21). Suppose 17*w - 739 - r = 0. What is the tens digit of w?
0
Let z = 2467 + -696. What is the units digit of z/21 + (-2)/6?
4
Let l(y) = 13 - 1 - y + 12. What is the units digit of l(12)?
2
Let k(c) = -2*c**2 + 29*c - 7. Let l be k(11). Suppose -24*z = -19*z - l. What is the units digit of z?
4
Let t = -1422 - -1759. What is the units digit of t?
7
Let b = 438 - -172. What is the tens digit of b?
1
Let h = -67 + 67. Suppose h = 6*r - 518 - 214. What is the tens digit of r?
2
Let x(n) be the second derivative of -n**5/20 - n**4/2 - 2*n**3/3 + n**2 - 8*n - 4. Suppose -3*q = q + 24. What is the units digit of x(q)?
6
Suppose h + 3*a - 4 = 0, h + 0*a = 3*a - 14. Let w(z) = 10*z**2 + 2*z - 9. What is the hundreds digit of w(h)?
2
Let t be 2/(-9) + (-14)/18. Let x(c) = c**3 + 7*c**2 + 7*c + 5. Let z be x(-6). What is the units digit of (t + z)/((-1)/3)?
6
What is the tens digit of 2778 + (-8)/2*-4 + -8?
8
Let p = 1634 - 729. What is the units digit of p?
5
Let v(t) = -38*t + 6. What is the hundreds digit of v(-21)?
8
Let u(z) = z**3 - 4*z**2 + 7*z - 12. Let y be u(8). Suppose 35 - y = -5*l. What is the tens digit of l?
5
Let l(i) = i**3 - 12*i**2 - 33*i - 35. What is the tens digit of l(15)?
4
Suppose -5*r - 14*b + 16*b + 1143 = 0, -3*r - 3*b + 669 = 0. What is the hundreds digit of r?
2
Suppose -3*f - 3 - 39 = 0. Let q = -5 - f. Suppose -8 = p - q*p. What is the units digit of p?
1
Let r be 2 + 3 + (-8)/4. Suppose 1 = c, -2*f + 5*c + 4 = r. What is the units digit of f?
3
Let v(u) = 19*u**2 + 6*u - 1. Let b(c) = -19*c**2 - 5*c. Let g(n) = -4*b(n) - 3*v(n). What is the hundreds digit of g(-3)?
1
Let b = 20 + -1. Suppose -3*r = -3, r = 4*d - 0*r - b. Suppose -d*u = 38 - 13, 3*f - 8 = -5*u. What is the tens digit of f?
1
Let t(n) be the second derivative of -n**4/12 - 2*n**3/3 - 3*n**2 - 7*n. Let g(h) be the first derivative of t(h). What is the units digit of g(-4)?
4
Suppose -68 = -3*i - t, 6*i - t - 100 = i. Suppose i*a + 595 = 26*a. What is the units digit of a?
9
Let w(r) = r**3 + 4*r**2 - 4*r + 11. Let u be w(-4). What is the tens digit of (u/4 - 0)*(-15 - -31)?
0
Suppose 0 + 20 = 4*x. Suppose -5*b + 1 = -2*m - m, 5 = m + b. Suppose -2*s - d = -28, -1 = -m*d + x. What is the units digit of s?
3
Let j be 48*(-4 - 18/(-4)). Let c = 67 - j. Let u = c - 25. What is the tens digit of u?
1
Suppose -150744 = -226*u + 138*u. What is the hundreds digit of u?
7
Let l be -2 + -1 + 5 + -26. Let j be (1*2)/(12/l). What is the units digit of (2/j)/((-4)/312)?
9
Suppose 0 = -17*s + 27*s - 44740. What is the units digit of s?
4
Suppose 285*x = 279*x + 3636. What is the tens digit of x?
0
Let d = -1417 - -2928. What is the hundreds digit of d?
5
Let d(w) = 7*w - 10*w + 3*w + 3*w - 1 + w**2. Let y(s) = -s**3 - 6*s**2 - 5*s + 2. Let l be y(-5). What is the units digit of d(l)?
9
Let g = -71 + 231. What is the hundreds digit of g?
1
Suppose 2*x - 105 = -3*r + 5*x, -5*r - 4*x = -193. Suppose r + 138 = m. What is the tens digit of m?
7
Let z(j) = 390*j**3 + j**2 - 4*j. What is the tens digit of z(2)?
1
Let g be (-222)/(-9) + (-4)/(-12). Let k be (-5)/g - (-59)/(-5). Let m = k - -17. What is the units digit of m?
5
Suppose 93 = -5*r + 73. Let w = 0 - r. What is the units digit of w?
4
What is the units digit of 6/36*2 - 44/(-3)?
